the prime factors of 8212283.
8212283
List the prime factors of 2891567.
7, 413081
What are the prime factors of 426317?
103, 4139
List the prime factors of 714588.
2, 3, 7, 47, 181
List the prime factors of 823302.
2, 3, 53, 863
List the prime factors of 4738652.
2, 1184663
What are the prime factors of 856274?
2, 428137
What are the prime factors of 957315?
3, 5, 19, 3359
What are the prime factors of 2470491?
3, 17, 67, 241
List the prime factors of 328652.
2, 82163
What are the prime factors of 388068?
2, 3, 73, 443
List the prime factors of 560811.
3, 131, 1427
What are the prime factors of 24058771?
11, 2187161
What are the prime factors of 8119338?
2, 3, 1353223
List the prime factors of 29316268.
2, 79, 113, 821
What are the prime factors of 2756203?
151, 18253
List the prime factors of 3123901.
11, 31, 9161
What are the prime factors of 288620?
2, 5, 14431
List the prime factors of 6507181.
53, 122777
List the prime factors of 250343.
250343
What are the prime factors of 90768?
2, 3, 31, 61
What are the prime factors of 10516397?
10516397
List the prime factors of 24518.
2, 13, 23, 41
What are the prime factors of 244892?
2, 61223
List the prime factors of 651605.
5, 19
List the prime factors of 214029.
3, 7927
What are the prime factors of 315243?
3, 35027
What are the prime factors of 636325?
5, 25453
What are the prime factors of 19650568?
2, 7, 50129
What are the prime factors of 7968724?
2, 1992181
What are the prime factors of 593642?
2, 7, 42403
List the prime factors of 740809.
17, 43577
List the prime factors of 9821338.
2, 4910669
List the prime factors of 24735516.
2, 3, 13, 12197
What are the prime factors of 3891778?
2, 11, 176899
What are the prime factors of 6593356?
2, 7, 11, 21407
What are the prime factors of 1310908?
2, 23, 14249
What are the prime factors of 5335148?
2, 7, 13, 14657
List the prime factors of 11004365.
5, 2200873
What are the prime factors of 2371255?
5, 647, 733
List the prime factors of 4050133.
4050133
List the prime factors of 14563708.
2, 109, 33403
What are the prime factors of 1068138?
2, 3, 59341
List the prime factors of 4262019.
3, 17, 193, 433
What are the prime factors of 260296?
2, 32537
List the prime factors of 7131974.
2, 701, 5087
List the prime factors of 12792553.
31, 412663
List the prime factors of 2998340.
2, 5, 197, 761
List the prime factors of 5116924.
2, 61, 67, 313
What are the prime factors of 8837112?
2, 3, 29, 12697
What are the prime factors of 1414258?
2, 79, 8951
What are the prime factors of 4915949?
31, 347, 457
What are the prime factors of 3887282?
2, 7, 277663
List the prime factors of 191140.
2, 5, 19, 503
List the prime factors of 741162.
2, 3, 123527
What are the prime factors of 2354824?
2, 294353
What are the prime factors of 960577?
43, 89, 251
What are the prime factors of 884609?
11, 137, 587
List the prime factors of 192228.
2, 3, 83, 193
List the prime factors of 1640560.
2, 5, 20507
What are the prime factors of 239528?
2, 79, 379
What are the prime factors of 9913344?
2, 3, 7, 461
List the prime factors of 225446.
2, 13, 23, 29
List the prime factors of 425968.
2, 79, 337
What are the prime factors of 3475254?
2, 3, 23, 25183
List the prime factors of 1989568.
2, 7, 4441
What are the prime factors of 311981?
311981
List the prime factors of 786618.
2, 3, 7, 2081
List the prime factors of 293845.
5, 17, 3457
What are the prime factors of 27366494?
2, 13683247
What are the prime factors of 4819510?
2, 5, 29, 16619
List the prime factors of 606035.
5, 61, 1987
What are the prime factors of 3889008?
2, 3, 113, 239
What are the prime factors of 217752?
2, 3, 43, 211
What are the prime factors of 8514153?
3, 257, 409
List the prime factors of 14874662.
2, 11, 53, 12757
What are the prime factors of 12282266?
2, 59, 104087
List the prime factors of 344879.
17, 20287
List the prime factors of 2348127.
3, 139, 1877
What are the prime factors of 37075?
5, 1483
What are the prime factors of 383459?
383459
List the prime factors of 13410245.
5, 137, 19577
List the prime factors of 205397.
205397
What are the prime factors of 491836?
2, 41, 2999
What are the prime factors of 3837646?
2, 857, 2239
What are the prime factors of 115266?
2, 3, 19211
List the prime factors of 528933.
3, 157, 1123
What are the prime factors of 445001?
445001
What are the prime factors of 17720275?
5, 733, 967
List the prime factors of 2124501.
3, 43, 383
What are the prime factors of 306097?
11, 27827
What are the prime factors of 206779?
206779
What are the prime factors of 788743?
719, 1097
What are the prime factors of 9847027?
9847027
List the prime factors of 150658.
2, 75329
What are the prime factors of 17350043?
2731, 6353
List the prime factors of 1131378.
2, 3, 188563
List the prime factors of 140105.
5, 7, 4003
List the prime factors of 486828.
2, 3, 13523
What are the prime factors of 2198494?
2, 1099247
What are the prime factors of 92240?
2, 5, 1153
List the prime factors of 1810.
2, 5, 181
List the prime factors of 132255.
3, 5, 2939
What are the prime factors of 8195989?
17, 482117
What are the prime factors of 499389?
3, 11, 37, 409
List the prime factors of 1904538.
2, 3, 23, 37, 373
What are the prime factors of 546711?
3, 11, 16567
List the prime factors of 250013.
250013
List the prime factors of 1952963.
1952963
List the prime factors of 18630.
2, 3, 5, 23
What are the prime factors of 252968?
2, 103, 307
List the prime factors of 2644696.
2, 330587
List the prime factors of 991403.
7, 141629
List the prime factors of 2674488.
2, 3, 47, 2371
What are the prime factors of 4098417?
3, 31, 127, 347
What are the prime factors of 3073757?
3073757
What are the prime factors of 5493388?
2, 1373347
What are the prime factors of 490746?
2, 3, 89, 919
List the prime factors of 719928.
2, 3, 11, 101
What are the prime factors of 979095?
3, 5, 13, 5021
List the prime factors of 1872283.
7, 267469
List the prime factors of 4768201.
587, 8123
List the prime factors of 6064188.
2, 3, 13, 38873
What are the prime factors of 316685?
5, 63337
What are the prime factors of 3890050?
2, 5, 77801
List the prime factors of 354767.
7, 59, 859
What are the prime factors of 8456959?
7, 107, 1613
What are the prime factors of 2295746?
2, 307, 3739
What are the prime factors of 369248?
2, 11, 1049
List the prime factors of 6368134.
2, 439, 7253
What are the prime factors of 326939?
326939
What are the prime factors of 12751060?
2, 5, 7, 91079
List the prime factors of 111820.
2, 5, 5591
What are the prime factors of 42468715?
5, 8493743
List the prime factors of 1821749.
1821749
List the prime factors of 18885.
3, 5, 1259
What are the prime factors of 491211?
3, 7, 23, 113
List the prime factors of 16254734.
2, 109, 173, 431
What are the prime factors of 1240141?
7, 25309
What are the prime factors of 7036621?
389, 18089
What are the prime factors of 306986?
2, 17, 9029
What are the prime factors of 731504?
2, 131, 349
What are the prime factors of 189356?
2, 47339
What are the prime factors of 20011028?
2, 19, 263303
What are the prime factors of 71132?
2, 17783
List the prime factors of 9871602.
2, 3, 13, 19, 6661
What are the prime factors of 7608572?
2, 1902143
What are the prime factors of 11818215?
3, 5, 262627
What are the prime factors of 2765683?
101, 139, 197
List the prime factors of 68528.
2, 4283
What are the prime factors of 41730371?
31, 577, 2333
What are the prime factors of 2951897?
13, 17, 19, 37
What are the prime factors of 107932?
2, 11, 223
List the prime factors of 4218508.
2, 7, 21523
What are the prime factors of 276304?
2, 7, 2467
What are the prime factors of 229040?
2, 5, 7, 409
List the prime factors of 197253.
3, 7, 31, 101
List the prime factors of 2122703.
11, 53, 331
What are the prime factors of 175615?
5, 11, 31, 103
What are the prime factors of 262162?
2, 19, 6899
List the prime factors of 377453.
23, 16411
What are the prime factors of 149025?
3, 5, 1987
What are the prime factors of 5928230?
2, 5, 7, 11, 7699
What are the prime factors of 6254736?
2, 3, 130307
What are the prime factors of 1144584?
2, 3, 7, 757
List the prime factors of 7106047.
13, 546619
What are the prime factors of 2020330?
2, 5, 13, 15541
What are the prime factors of 286999?